{"id":5,"date":"2019-06-07T21:50:19","date_gmt":"2019-06-07T19:50:19","guid":{"rendered":"http:\/\/therapies-alternatives-quimper.com\/?page_id=5"},"modified":"2026-02-23T18:48:36","modified_gmt":"2026-02-23T17:48:36","slug":"accueil","status":"publish","type":"page","link":"https:\/\/therapies-alternatives-quimper.com\/","title":{"rendered":""},"content":{"rendered":"\n<p><strong>Bienvenue sur le site de la maison de soins de Quimper.<\/strong><\/p>\n\n\n\n<p><strong>La maison de soins est une association cr\u00e9\u00e9e par des th\u00e9rapeutes d\u00e9sirant mettre en commun leurs comp\u00e9tences au service de votre bien-\u00eatre.<\/strong><\/p>\n\n\n\n<p><strong>Vous pourrez d\u00e9couvrir sur ce site les diff\u00e9rentes pratiques que la maison propose et prendre contact avec les th\u00e9rapeutes. <\/strong><\/p>\n\n\n\n<p><strong>Faites confiance \u00e0 notre \u00e9quipe pour vous accompagner dans votre d\u00e9marche th\u00e9rapeutique.<\/strong><\/p>\n\n\n\n<p><strong>A bient\u00f4t \u00e0 la maison de soins!<\/strong><\/p>\n\n\n\n<h5 class=\"wp-block-heading has-small-font-size\"><strong><em>Acupuncture<\/em><\/strong> :<strong> Margaux Simon \/ 06 60 80 77 13 \/ <\/strong><a href=\"http:\/\/www.acuquimper.com\/\"><strong>www.acuquimper.com<\/strong><\/a><\/h5>\n\n\n\n<h5 class=\"wp-block-heading has-small-font-size\"><strong><em>Ost\u00e9opathie<\/em>&nbsp;<\/strong>: <strong>Sonia Bento \/<\/strong> 07 82 30 73 51 \/ <a href=\"http:\/\/www.osteopathe-quimper-bento.com\/\">www.osteopathe-quimper-bento.com<\/a><\/h5>\n\n\n\n<h5 class=\"wp-block-heading has-small-font-size\"><strong><em>Gestalt-th\u00e9rapie &#8211; EMDR-dsa &#8211; Hypnose Ericksonienne<\/em>&nbsp;<\/strong>: <strong>C\u00e9line Goutherot \/<\/strong> 07 83 40 29 63 \/ <a href=\"http:\/\/www.gestalttherapiegoutherot.jimdo.com\/\">www.gestalttherapiegoutherot.jimdo.com<\/a><\/h5>\n\n\n\n<p><\/p>\n\n\n\n<p class=\"has-small-font-size\"><strong>Grapho\u00e9ducation\u00a0<\/strong>:<strong>St\u00e9phanie Lepr\u00eatre \/<\/strong> 06 59 94 71 05 \/ <a href=\"https:\/\/www.graphoeducation.fr\">https:\/\/www.graphoeducation.fr<\/a><\/p>\n\n\n\n<p><\/p>\n\n\n\n<p><\/p>\n\n\n\n<p><\/p>\n\n\n\n<p><\/p>\n","protected":false},"excerpt":{"rendered":"<p>Bienvenue sur le site de la maison de soins de Quimper. La maison de soins est une association cr\u00e9\u00e9e par des th\u00e9rapeutes d\u00e9sirant mettre en commun leurs comp\u00e9tences au service de votre bien-\u00eatre. Vous pourrez d\u00e9couvrir sur ce site les diff\u00e9rentes pratiques que la maison propose et prendre contact avec les th\u00e9rapeutes. Faites confiance \u00e0 [&hellip;]<\/p>\n","protected":false},"author":1,"featured_media":0,"parent":0,"menu_order":0,"comment_status":"closed","ping_status":"closed","template":"","meta":{"footnotes":""},"class_list":["post-5","page","type-page","status-publish","hentry"],"_links":{"self":[{"href":"https:\/\/therapies-alternatives-quimper.com\/index.php?rest_route=\/wp\/v2\/pages\/5","targetHints":{"allow":["GET"]}}],"collection":[{"href":"https:\/\/therapies-alternatives-quimper.com\/index.php?rest_route=\/wp\/v2\/pages"}],"about":[{"href":"https:\/\/therapies-alternatives-quimper.com\/index.php?rest_route=\/wp\/v2\/types\/page"}],"author":[{"embeddable":true,"href":"https:\/\/therapies-alternatives-quimper.com\/index.php?rest_route=\/wp\/v2\/users\/1"}],"replies":[{"embeddable":true,"href":"https:\/\/therapies-alternatives-quimper.com\/index.php?rest_route=%2Fwp%2Fv2%2Fcomments&post=5"}],"version-history":[{"count":21,"href":"https:\/\/therapies-alternatives-quimper.com\/index.php?rest_route=\/wp\/v2\/pages\/5\/revisions"}],"predecessor-version":[{"id":210,"href":"https:\/\/therapies-alternatives-quimper.com\/index.php?rest_route=\/wp\/v2\/pages\/5\/revisions\/210"}],"wp:attachment":[{"href":"https:\/\/therapies-alternatives-quimper.com\/index.php?rest_route=%2Fwp%2Fv2%2Fmedia&parent=5"}],"curies":[{"name":"wp","href":"https:\/\/api.w.org\/{rel}","templated":true}]}}